 of m and n?
4
Suppose 3*j - 174 = 3*v, -5*j + 3*v - 70 = -354. What is the greatest common factor of j and 5?
5
Suppose -10*b = -5*b - 240. What is the greatest common factor of 432 and b?
48
Let b be (-14)/4*(-5 + 1). Let t(i) = 33*i**2 - 2*i - 2. Let s be t(2). What is the greatest common divisor of s and b?
14
Suppose -3*x = -4*t + 25, -x - 5 = -5*t - 6*x. Suppose -60 + 240 = t*c. Calculate the greatest common factor of c and 18.
9
Suppose -4*l + 21 = -3*l + 5*j, 5*l - 2*j + 3 = 0. What is the highest common divisor of 19 and l?
1
Suppose -17*k + 16*k + 7 = 0. What is the highest common divisor of 14 and k?
7
Let m be 0/(-4) + 1*150. Suppose 5*q + 0*q - m = 0. What is the highest common factor of 75 and q?
15
Let x(s) = -50*s - 1. Let n be x(-1). Suppose 102*a = 107*a - 35. Calculate the greatest common factor of a and n.
7
Let k(n) = -2*n + 2*n - 5*n - 1 + 2*n. Let r(a) = a**3 + 4*a**2 - 1. Let m be r(-4). Let y be k(m). What is the greatest common factor of y and 18?
2
Let g be ((-1)/(-3))/(7/(-231)). Let k = 12 + g. What is the highest common factor of 9 and k?
1
Let j(i) = -i**3 - 8*i**2 - 8*i - 3. Let f be j(-7). Calculate the highest common factor of f and 2.
2
Suppose -3*u + 2 = -f + 1, -3 = -4*u + 3*f. Let k be 3*-1 + (-69)/(-1). Suppose u*q - k = -q. Calculate the highest common divisor of q and 6.
6
Suppose 6*j - j + 510 = 0. Let b = j + 157. Calculate the highest common divisor of b and 5.
5
Let a(z) = -6*z - 12. Let v be a(-8). What is the highest common factor of 27 and v?
9
Suppose 5*d - 1360 = -0*d. What is the greatest common factor of 34 and d?
34
Suppose 43 - 628 = 5*q. Let n = q + 167. Calculate the highest common divisor of n and 10.
10
Suppose 5*w - 62 = -z + 2*z, -4*z + 12 = 0. Suppose 4*k = -w + 33. Suppose -4*v = 3*p - 50, 0*p - k*p = v - 72. What is the greatest common factor of p and 98?
14
Let u = 50 - 5. What is the highest common divisor of u and 15?
15
Let n be (-3064)/(-34) - (4 - 198/51). Calculate the greatest common factor of n and 10.
10
Suppose -5*k + 2*k = 0. Suppose -2*j = -k*j - 24. Let f = 4 + 8. Calculate the greatest common factor of f and j.
12
Let x = 3 + 1. Suppose 3*g = x*i - 28 + 83, -2*i = 5*g - 57. Suppose 4*n - 82 = -2*t, 3*t + n - 113 = 5*n. Calculate the greatest common factor of t and g.
13
Suppose 13*r - 273 = -13. Calculate the highest common divisor of 20 and r.
20
Let p(k) = -43*k**2 - 2*k. Let s be p(2). Let b = s - -246. Let c(i) = i**2 + i + 28. Let f be c(0). Calculate the greatest common factor of f and b.
14
Suppose 5*n - 7*n = -6. Suppose -5 = -n*d - 2. Calculate the highest common divisor of d and 4.
1
Let a(g) = g + 8. Let z be a(7). Let m be (-3 + 3)*1*-1. Suppose m*c = c - 10. Calculate the greatest common factor of c and z.
5
Suppose 8*x = 7*x + 12. Suppose 3*j = 2*m + 3*m - 84, -3*j = 2*m - 42. Calculate the greatest common divisor of m and x.
6
Let r = 31 + -11. Suppose 15 = 5*o + 5. Suppose 0 = 2*g - o*s - 12, -9 + 1 = 4*s. What is the highest common divisor of r and g?
4
Suppose -4*z = -3*z - 10. Let w(b) = b**2 + 4. Let n be w(-4). Let k be (n/(-15))/((-2)/105). Calculate the greatest common divisor of z and k.
10
Let v(t) = 9*t**2 + 4 + 4*t - 3*t**2 - 11*t**2 + t**3. Let i be v(6). Calculate the highest common factor of 8 and i.
8
Let q(y) = y**2 - 7*y + 19. Let g be q(6). Calculate the highest common divisor of g and 156.
13
Suppose 0*g - 200 = -4*g. Suppose 5*k - 112 = 4*f, -5*f - 52 = -2*k - f. Calculate the highest common divisor of g and k.
10
Let t be 6/21 + (-178)/(-14). Let a(g) = 47*g**2 - 2. Let s be a(3). Let q = s - 291. What is the greatest common factor of q and t?
13
Let d = -46 + 84. Calculate the highest common factor of d and 19.
19
Suppose -5*f = 4*w - 948, f + 477 = 2*w + 17. Suppose i - 3*s = 84, 2*s = 3*i - 2*s - w. What is the greatest common factor of i and 9?
9
Suppose 140 = -18*z + 19*z. Calculate the highest common factor of z and 35.
35
Suppose -2*h - 24 = 2*h. Let v be (-5)/(-3) + (-2)/h. Let i be 32/10 - v/10. What is the greatest common divisor of 15 and i?
3
Let c be (3 - -1)*13/(-4). Let t = -5 - c. Suppose t*i = 3*i + 715. What is the highest common divisor of 13 and i?
13
Let v(j) = 2*j**3 - 5*j**2 - j - 2. Let y be v(4). Calculate the highest common divisor of y and 56.
14
Let l = 21 + 53. What is the greatest common factor of 111 and l?
37
Suppose f + 2 = w + 28, 3*f = -4*w + 92. Suppose 0 = b - o - 72, 0 = b + 5*o - 0*o - 60. Calculate the highest common factor of b and f.
14
Suppose 8*p - 6*p - 192 = 0. Calculate the greatest common factor of 24 and p.
24
Suppose -3*o - 5*x + 44 = 0, -o - 3*x + 28 = 2*x. Suppose -16 = -17*p + p. Calculate the highest common factor of p and o.
1
Let m be ((-1)/(-2))/((-9)/(-108))*18. Calculate the greatest common factor of 12 and m.
12
Let o(t) = -t**2 - 3*t. Let k be o(-2). What is the highest common divisor of k and 10?
2
Let l(k) = k**3 + 2*k**2 - 4*k - 2. Let o be l(-3). Let g be ((-4)/(-2) - 3) + o. Suppose g*r = r - 2. What is the highest common factor of r and 16?
2
Let c be 5*(22/10 + 1). Let a = -265 + 393. Calculate the greatest common factor of a and c.
16
Let m(o) = 3*o**3 - 3 - 6*o**3 + 2*o**3 + o + 3*o**2. Let w be m(3). Suppose 4*d - 3*n = 17, -2*d + w*n = n - 21. What is the greatest common factor of 8 and d?
8
Let n be (-35)/(-2) - 2/(-4). Calculate the greatest common factor of n and 45.
9
Let f(y) = -y**3 + 2*y**2 + 3*y - 9. Let l be f(-6). What is the greatest common factor of 29 and l?
29
Let j(u) be the second derivative of -u**3/6 - 2*u**2 + 4*u. Let v be j(-8). What is the highest common divisor of 36 and v?
4
Let q = -3 - -66. Suppose -q = -2*k + k. What is the greatest common factor of 7 and k?
7
Suppose 0*n + n = 6. Calculate the highest common divisor of n and 42.
6
Let t be (-27 + 0)*18/(-27). What is the highest common factor of 27 and t?
9
Let d be 8 - -1 - (1 - -3). Calculate the highest common divisor of 35 and d.
5
Suppose -g - 179 = -4*g - f, 2*f + 2 = 0. Calculate the highest common factor of 20 and g.
20
Let f = -12 + 10. Let v be -9*(f + (-8)/12). Calculate the highest common divisor of v and 36.
12
Suppose -y + 3*n = -14, -3*n + 8 = 2*y - y. Calculate the greatest common divisor of y and 121.
11
Suppose -5*z = 10, -13 = 3*u - 0*z - 4*z. Let f = 29 + u. What is the greatest common divisor of 2 and f?
2
Let j = 15 + -13. Suppose -3*i + 4 = 2*f, i = j*f - i - 24. What is the highest common factor of 32 and f?
8
Suppose -5 + 4 = -x. What is the greatest common divisor of x and 8?
1
Suppose -3*a - 3*n + 42 = 0, -2*a + n = -7*a + 62. What is the highest common divisor of 18 and a?
6
Let h be (2 + 0)/(6/15). Suppose -2*q + 6*l = 2*l - 12, h*l + 10 = 0. What is the highest common divisor of 20 and q?
2
Suppose -2*n - 2*n = -1056. What is the highest common factor of n and 24?
24
Suppose 3*u = 3*q - 357 + 72, q = -u + 87. What is the highest common divisor of 13 and q?
13
Let h(g) = 8*g**2 - 3*g - 43. Let n(f) = -3*f**2 + f + 14. Let y(q) = -4*h(q) - 11*n(q). Let d be y(0). What is the greatest common divisor of 144 and d?
18
Let v(k) = k**2 + 17*k + 57. Let w be v(-13). Suppose 4 = 2*g + 2. What is the highest common divisor of g and w?
1
Let g(h) = -h**3 + 9*h**2 - 6*h + 14. Let n be g(8). Calculate the greatest common divisor of n and 5.
5
Let d be ((-1)/(16/(-68)))/((-2)/(-24)). Let m be 34/1*1/2. Calculate the highest common divisor of d and m.
17
Let n = -56 + 106. Calculate the highest common divisor of n and 10.
10
Suppose 0 = 5*t + 12 - 32. Calculate the greatest common factor of 16 and t.
4
Let d be (-11997)/(-99) - (-4)/(-22). Suppose o - 9 = 4*o. Let k(f) = -3*f + 2. Let p be k(o). What is the greatest common factor of p and d?
11
Suppose -3*w - 4 = -5*w. Suppose -21*a + 26*a - 15 = 0. Calculate the greatest common factor of a and w.
1
Let r = 72 + -68. Calculate the highest common divisor of r and 14.
2
Suppose 0 = 3*x - 2 - 61. Calculate the highest common factor of 231 and x.
21
Suppose 2 + 5 = z. Let u be (-6)/(-21) - (-110)/z. Let g(x) = -x**3 + 8*x**2 - 7*x + 4. Let l be g(7). Calculate the greatest common divisor of u and l.
4
Let z be -1 - -2 - 241*-1. Suppose -o - o + z = 0. What is the highest common divisor of o and 11?
11
Let m = -87 + 1